
What are the prime factors of 961971441?
3, 29, 1223, 9041
List the prime factors of 133540071.
3, 7, 811, 7841
What are the prime factors of 18950969?
199, 95231
What are the prime factors of 1844902194?
2, 3, 31, 1783, 5563
List the prime factors of 1594912419.
3, 177212491
What are the prime factors of 121575695?
5, 59, 263, 1567
What are the prime factors of 80737268?
2, 23, 31, 28309
List the prime factors of 20739114.
2, 3, 11, 104743
List the prime factors of 12095720.
2, 5, 7, 13, 3323
What are the prime factors of 137407454?
2, 317, 216731
List the prime factors of 795284554.
2, 397642277
List the prime factors of 87692572.
2, 11, 181183
List the prime factors of 2157619116.
2, 3, 701, 256493
What are the prime factors of 40554728?
2, 499, 10159
What are the prime factors of 1557994700?
2, 5, 23, 421, 1609
List the prime factors of 38972661.
3, 7, 13, 142757
What are the prime factors of 5441597247?
3, 22133, 81953
List the prime factors of 223628596.
2, 41, 227, 6007
What are the prime factors of 535242387?
3, 229, 779101
List the prime factors of 2314176408.
2, 3, 17, 43, 43969
List the prime factors of 904867617.
3, 1301, 231839
What are the prime factors of 94495101?
3, 31498367
What are the prime factors of 38019583?
7, 5431369
List the prime factors of 1809501048.
2, 3, 25131959
What are the prime factors of 532865846?
2, 2357, 113039
What are the prime factors of 5860023319?
883, 6636493
What are the prime factors of 193998771?
3, 4391, 4909
List the prime factors of 6041506102.
2, 191, 15815461
List the prime factors of 698361660.
2, 3, 5, 269, 14423
What are the prime factors of 33269449?
33269449
List the prime factors of 236063265.
3, 5, 15737551
What are the prime factors of 2841410?
2, 5, 11, 13, 1987
List the prime factors of 63191021.
1031, 61291
What are the prime factors of 925104021?
3, 43, 311, 23059
List the prime factors of 38614203.
3, 4290467
What are the prime factors of 95742869?
1097, 87277
List the prime factors of 497188925.
5, 449, 44293
What are the prime factors of 3646332818?
2, 2141, 851549
What are the prime factors of 265268522?
2, 23, 5766707
What are the prime factors of 55366284?
2, 3, 43, 61, 1759
List the prime factors of 218610818.
2, 47, 2325647
List the prime factors of 251670575.
5, 13, 59567
What are the prime factors of 11857388?
2, 2964347
What are the prime factors of 509476853?
457, 1114829
List the prime factors of 476174121.
3, 151, 1051157
What are the prime factors of 523145407?
149, 3511043
List the prime factors of 79070295.
3, 5, 37, 142469
What are the prime factors of 91971394?
2, 17, 2705041
What are the prime factors of 1817763?
3, 605921
What are the prime factors of 149192665?
5, 29838533
List the prime factors of 14358185.
5, 859, 3343
What are the prime factors of 1030066932?
2, 3, 85838911
List the prime factors of 175697556.
2, 3, 2687, 5449
What are the prime factors of 3175643302?
2, 13, 229, 533363
What are the prime factors of 6554798076?
2, 3, 347, 1574159
What are the prime factors of 2061766024?
2, 4159, 61967
What are the prime factors of 5713576354?
2, 151, 18919127
What are the prime factors of 1681628249?
7, 29, 1571, 5273
List the prime factors of 9493432.
2, 13, 91283
List the prime factors of 1411787821.
1091, 1294031
What are the prime factors of 50715976?
2, 6339497
List the prime factors of 227540011.
2543, 89477
What are the prime factors of 669748497?
3, 11, 83, 439, 557
What are the prime factors of 295155774?
2, 3, 31, 113, 151
What are the prime factors of 2098040958?
2, 3, 13, 17, 527411
What are the prime factors of 402282781?
17, 23663693
What are the prime factors of 55802668?
2, 13950667
List the prime factors of 34488689.
34488689
List the prime factors of 49806894.
2, 3, 31, 331, 809
List the prime factors of 8275511531.
7, 53, 863, 25847
What are the prime factors of 888103285?
5, 173, 1026709
List the prime factors of 103458916.
2, 11, 2351339
List the prime factors of 4588128203.
47, 97619749
What are the prime factors of 1464470976?
2, 3, 7627453
List the prime factors of 14892252.
2, 3, 149, 8329
What are the prime factors of 1453857741?
3, 7, 2564123
What are the prime factors of 223731857?
4339, 51563
What are the prime factors of 1308559452?
2, 3, 179, 609199
What are the prime factors of 11067455?
5, 7, 316213
List the prime factors of 37969118.
2, 11, 1725869
What are the prime factors of 5666096?
2, 23, 89, 173
What are the prime factors of 713428922?
2, 356714461
List the prime factors of 41093183.
41093183
What are the prime factors of 867040661?
19, 101, 131, 3449
What are the prime factors of 46240021?
46240021
List the prime factors of 145579230.
2, 3, 5, 1617547
List the prime factors of 1132643747.
1132643747
What are the prime factors of 174758563?
7, 31, 805339
List the prime factors of 64144801.
7, 47, 241, 809
List the prime factors of 68832721.
23, 173, 17299
List the prime factors of 3497321922.
2, 3, 582886987
List the prime factors of 101460773.
41, 257, 9629
List the prime factors of 50706325.
5, 17, 229, 521
What are the prime factors of 42782084?
2, 1301, 8221
What are the prime factors of 1114431575?
5, 29, 1537147
List the prime factors of 37781721.
3, 466441
List the prime factors of 2913799.
7, 416257
List the prime factors of 461697410.
2, 5, 61, 756881
List the prime factors of 66103030.
2, 5, 7, 944329
What are the prime factors of 1500220219?
1500220219
List the prime factors of 2893521.
3, 964507
What are the prime factors of 242693360?
2, 5, 7, 13, 17, 37, 53
What are the prime factors of 57393806?
2, 53, 311, 1741
What are the prime factors of 540817637?
1237, 437201
What are the prime factors of 801382398?
2, 3, 133563733
List the prime factors of 5739178402.
2, 2869589201
List the prime factors of 4704090447.
3, 7, 113, 661, 2999
List the prime factors of 361555422.
2, 3, 17, 59, 73, 823
What are the prime factors of 1409122407?
3, 7, 11, 101, 60397
List the prime factors of 299260801.
7, 409, 104527
What are the prime factors of 41346148?
2, 53, 195029
What are the prime factors of 2088972933?
3, 696324311
What are the prime factors of 73724450?
2, 5, 1474489
What are the prime factors of 1615429192?
2, 13, 41, 457, 829
List the prime factors of 6113605880.
2, 5, 152840147
What are the prime factors of 5961417541?
23, 37, 1709, 4099
List the prime factors of 34485084.
2, 3, 853, 1123
What are the prime factors of 276674797?
7, 23, 1718477
List the prime factors of 491213768.
2, 43, 139, 10273
What are the prime factors of 565562269?
191, 1657, 1787
List the prime factors of 324849402.
2, 3, 53, 167, 2039
List the prime factors of 100428715.
5, 20085743
What are the prime factors of 14247229?
14247229
List the prime factors of 3400107945.
3, 5, 13, 2713, 6427
What are the prime factors of 23489228?
2, 7, 37, 41, 79
What are the prime factors of 180429280?
2, 5, 1127683
List the prime factors of 394748596.
2, 11, 8971559
List the prime factors of 810476499.
3, 7, 38594119
List the prime factors of 2836143707.
2221, 1276967
What are the prime factors of 17696590?
2, 5, 577, 3067
What are the prime factors of 51574459?
53, 281, 3463
List the prime factors of 10732749.
3, 59, 60637
List the prime factors of 113628312.
2, 3, 7, 223, 337
List the prime factors of 866664.
2, 3, 12037
List the prime factors of 2189499330.
2, 3, 5, 83, 439, 2003
List the prime factors of 2248664.
2, 11, 23, 101
List the prime factors of 287487991.
7, 29, 1416197
What are the prime factors of 53745056?
2, 1679533
What are the prime factors of 8411444629?
7, 47, 1979, 12919
List the prime factors of 119299470.
2, 3, 5, 31, 37, 3467
List the prime factors of 167209378.
2, 7, 11943527
List the prime factors of 315955791.
3, 35106199
What are the prime factors of 244131835?
5, 41, 179, 6653
List the prime factors of 561396142.
2, 280698071
List the prime factors of 1977069.
3, 659023
List the prime factors of 4836765951.
3, 19, 28285181
What are the prime factors of 1421685630?
2, 3, 5, 15796507
List the prime factors of 123929746.
2, 61964873
What are the prime factors of 51824628?
2, 3, 19, 75767
What are the prime factors of 51637100?
2, 5, 516371
List the prime factors of 123580555.
5, 7, 37, 95429
What are the prime fac